{"id":7,"date":"2021-01-29T09:41:24","date_gmt":"2021-01-29T08:41:24","guid":{"rendered":"http:\/\/neurochirurgie-kleve.de\/nck\/?page_id=7"},"modified":"2021-02-08T08:40:28","modified_gmt":"2021-02-08T07:40:28","slug":"impressum","status":"publish","type":"page","link":"https:\/\/neurochirurgie-kleve.de\/nck\/impressum\/","title":{"rendered":"Impressum"},"content":{"rendered":"\t\t<div data-elementor-type=\"wp-page\" data-elementor-id=\"7\" class=\"elementor elementor-7\" data-elementor-settings=\"{&quot;ha_cmc_init_switcher&quot;:&quot;no&quot;}\">\n\t\t\t\t\t\t<section class=\"has_eae_slider elementor-section elementor-top-section elementor-element elementor-element-32e42fb elementor-section-boxed elementor-section-height-default elementor-section-height-default\" data-eae-slider=\"52607\" data-id=\"32e42fb\" data-element_type=\"section\" data-e-type=\"section\" data-settings=\"{&quot;_ha_eqh_enable&quot;:false}\">\n\t\t\t\t\t\t<div class=\"elementor-container elementor-column-gap-default\">\n\t\t\t\t\t<div class=\"has_eae_slider elementor-column elementor-col-100 elementor-top-column elementor-element elementor-element-2eadca9\" data-eae-slider=\"28587\" data-id=\"2eadca9\" data-element_type=\"column\" data-e-type=\"column\">\n\t\t\t<div class=\"elementor-widget-wrap elementor-element-populated\">\n\t\t\t\t\t\t<div class=\"elementor-element elementor-element-1239885 elementor-widget elementor-widget-text-editor\" data-id=\"1239885\" data-element_type=\"widget\" data-e-type=\"widget\" data-widget_type=\"text-editor.default\">\n\t\t\t\t<div class=\"elementor-widget-container\">\n\t\t\t\t\t\t\t\t\t<h1>Impressum<\/h1>\n\n<h2>Angaben gem\u00e4\u00df \u00a7 5 TMG<\/h2>\n<p>Dr. med. Uli B\u00fcrgel<br \/>\nAlbersallee 5-7<br \/>\n47533 Kleve<\/p>\n\n<h2>Kontakt<\/h2>\n<p>Telefon: 02821 9760956<br \/>\nTelefax: 02821 9760967<br \/>\nE-Mail: info@neurochirurgie-kleve.de<\/p>\n\n<h2>Aufsichtsbeh\u00f6rde<\/h2>\n<p>Kassen\u00e4rztliche Vereinigung Nordrhein<br \/>\nTersteegenstra\u00dfe 9<br \/>\n40474 D\u00fcsseldorf<\/p>\n<p><a href=\"https:\/\/www.kvno.de\/\" target=\"_blank\" rel=\"noopener noreferrer\">https:\/\/www.kvno.de\/<\/a><\/p>\n\n<h2>Berufsbezeichnung und berufsrechtliche Regelungen<\/h2>\n<p>Berufsbezeichnung: Facharzt f\u00fcr Neurochirurgie<br \/>\nZust\u00e4ndige Kammer: \u00c4rztekammer Nordrhein, Tersteegenstra\u00dfe 9, 40474 D\u00fcsseldorf<br \/>\nVerliehen in: Deutschland<br \/>\nEs gelten folgende berufsrechtliche Regelungen: Berufsordnung der \u00c4rztekammer Nordrhein, Heilberufsgesetz des Landes NRW<br \/>\n Regelungen einsehbar unter: <a href=\"https:\/\/www.aekno.de\/page.asp?pageID=57\" target=\"_blank\" rel=\"noopener noreferrer\">https:\/\/www.aekno.de\/page.asp?pageID=57<\/a><\/p>\n\n<h2>Angaben zur Berufshaftpflichtversicherung<\/h2>\n<p><strong>Name und Sitz des Versicherers:<\/strong><br \/>\nHDI Versicherung AG<br \/>\nKundenservice<br \/>\n30650 Hanover<\/p>\n<p><strong>Geltungsraum der Versicherung:<\/strong><br \/>Deutschland und EU<\/p>\n\n<h2>EU-Streitschlichtung<\/h2>\n<p>Die Europ\u00e4ische Kommission stellt eine Plattform zur Online-Streitbeilegung (OS) bereit: <a href=\"https:\/\/ec.europa.eu\/consumers\/odr\" target=\"_blank\" rel=\"noopener noreferrer\">https:\/\/ec.europa.eu\/consumers\/odr<\/a>.<br \/> Unsere E-Mail-Adresse finden Sie oben im Impressum.<\/p>\n\n<h2>Verbraucher\u00adstreit\u00adbeilegung\/Universal\u00adschlichtungs\u00adstelle<\/h2>\n<p>Wir sind nicht bereit oder verpflichtet, an Streitbeilegungsverfahren vor einer Verbraucherschlichtungsstelle teilzunehmen.<\/p>\n\n<h3>Haftung f\u00fcr Inhalte<\/h3> <p>Als Diensteanbieter sind wir gem\u00e4\u00df \u00a7 7 Abs.1 TMG f\u00fcr eigene Inhalte auf diesen Seiten nach den allgemeinen Gesetzen verantwortlich. Nach \u00a7\u00a7 8 bis 10 TMG sind wir als Diensteanbieter jedoch nicht verpflichtet, \u00fcbermittelte oder gespeicherte fremde Informationen zu \u00fcberwachen oder nach Umst\u00e4nden zu forschen, die auf eine rechtswidrige T\u00e4tigkeit hinweisen.<\/p> <p>Verpflichtungen zur Entfernung oder Sperrung der Nutzung von Informationen nach den allgemeinen Gesetzen bleiben hiervon unber\u00fchrt. Eine diesbez\u00fcgliche Haftung ist jedoch erst ab dem Zeitpunkt der Kenntnis einer konkreten Rechtsverletzung m\u00f6glich. Bei Bekanntwerden von entsprechenden Rechtsverletzungen werden wir diese Inhalte umgehend entfernen.<\/p> <h3>Haftung f\u00fcr Links<\/h3> <p>Unser Angebot enth\u00e4lt Links zu externen Websites Dritter, auf deren Inhalte wir keinen Einfluss haben. Deshalb k\u00f6nnen wir f\u00fcr diese fremden Inhalte auch keine Gew\u00e4hr \u00fcbernehmen. F\u00fcr die Inhalte der verlinkten Seiten ist stets der jeweilige Anbieter oder Betreiber der Seiten verantwortlich. Die verlinkten Seiten wurden zum Zeitpunkt der Verlinkung auf m\u00f6gliche Rechtsverst\u00f6\u00dfe \u00fcberpr\u00fcft. Rechtswidrige Inhalte waren zum Zeitpunkt der Verlinkung nicht erkennbar.<\/p> <p>Eine permanente inhaltliche Kontrolle der verlinkten Seiten ist jedoch ohne konkrete Anhaltspunkte einer Rechtsverletzung nicht zumutbar. Bei Bekanntwerden von Rechtsverletzungen werden wir derartige Links umgehend entfernen.<\/p> <h3>Urheberrecht<\/h3> <p>Die durch die Seitenbetreiber erstellten Inhalte und Werke auf diesen Seiten unterliegen dem deutschen Urheberrecht. Die Vervielf\u00e4ltigung, Bearbeitung, Verbreitung und jede Art der Verwertung au\u00dferhalb der Grenzen des Urheberrechtes bed\u00fcrfen der schriftlichen Zustimmung des jeweiligen Autors bzw. Erstellers. Downloads und Kopien dieser Seite sind nur f\u00fcr den privaten, nicht kommerziellen Gebrauch gestattet.<\/p> <p>Soweit die Inhalte auf dieser Seite nicht vom Betreiber erstellt wurden, werden die Urheberrechte Dritter beachtet. Insbesondere werden Inhalte Dritter als solche gekennzeichnet. Sollten Sie trotzdem auf eine Urheberrechtsverletzung aufmerksam werden, bitten wir um einen entsprechenden Hinweis. Bei Bekanntwerden von Rechtsverletzungen werden wir derartige Inhalte umgehend entfernen.<\/p>\n\n\t\t\t\t\t\t\t\t<\/div>\n\t\t\t\t<\/div>\n\t\t\t\t\t<\/div>\n\t\t<\/div>\n\t\t\t\t\t<\/div>\n\t\t<\/section>\n\t\t\t\t<\/div>\n\t\t","protected":false},"excerpt":{"rendered":"<p>Impressum Angaben gem\u00e4\u00df \u00a7 5 TMG Dr. med. Uli B\u00fcrgel Albersallee 5-7 47533 Kleve Kontakt Telefon: 02821 9760956 Telefax: 02821 9760967 E-Mail: info@neurochirurgie-kleve.de Aufsichtsbeh\u00f6rde Kassen\u00e4rztliche Vereinigung Nordrhein Tersteegenstra\u00dfe 9 40474 D\u00fcsseldorf https:\/\/www.kvno.de\/ Berufsbezeichnung und berufsrechtliche Regelungen Berufsbezeichnung: Facharzt f\u00fcr Neurochirurgie Zust\u00e4ndige Kammer: \u00c4rztekammer Nordrhein, Tersteegenstra\u00dfe 9, 40474 D\u00fcsseldorf Verliehen in: Deutschland Es gelten folgende berufsrechtliche [&hellip;]<\/p>\n","protected":false},"author":1,"featured_media":0,"parent":0,"menu_order":0,"comment_status":"closed","ping_status":"closed","template":"","meta":{"ngg_post_thumbnail":0,"ocean_front_end_style_editor":"no","ocean_post_layout":"","ocean_both_sidebars_style":"","ocean_both_sidebars_content_width":0,"ocean_both_sidebars_sidebars_width":0,"ocean_sidebar":"0","ocean_second_sidebar":"0","ocean_disable_margins":"enable","ocean_add_body_class":"","ocean_shortcode_before_top_bar":"","ocean_shortcode_after_top_bar":"","ocean_shortcode_before_header":"","ocean_shortcode_after_header":"","ocean_has_shortcode":"","ocean_shortcode_after_title":"","ocean_shortcode_before_footer_widgets":"","ocean_shortcode_after_footer_widgets":"","ocean_shortcode_before_footer_bottom":"","ocean_shortcode_after_footer_bottom":"","ocean_display_top_bar":"default","ocean_display_header":"default","ocean_header_style":"","ocean_center_header_left_menu":"0","ocean_custom_header_template":"0","ocean_custom_logo":0,"ocean_custom_retina_logo":0,"ocean_custom_logo_max_width":0,"ocean_custom_logo_tablet_max_width":0,"ocean_custom_logo_mobile_max_width":0,"ocean_custom_logo_max_height":0,"ocean_custom_logo_tablet_max_height":0,"ocean_custom_logo_mobile_max_height":0,"ocean_header_custom_menu":"0","ocean_menu_typo_font_family":"0","ocean_menu_typo_font_subset":"","ocean_menu_typo_font_size":0,"ocean_menu_typo_font_size_tablet":0,"ocean_menu_typo_font_size_mobile":0,"ocean_menu_typo_font_size_unit":"px","ocean_menu_typo_font_weight":"","ocean_menu_typo_font_weight_tablet":"","ocean_menu_typo_font_weight_mobile":"","ocean_menu_typo_transform":"","ocean_menu_typo_transform_tablet":"","ocean_menu_typo_transform_mobile":"","ocean_menu_typo_line_height":0,"ocean_menu_typo_line_height_tablet":0,"ocean_menu_typo_line_height_mobile":0,"ocean_menu_typo_line_height_unit":"","ocean_menu_typo_spacing":0,"ocean_menu_typo_spacing_tablet":0,"ocean_menu_typo_spacing_mobile":0,"ocean_menu_typo_spacing_unit":"","ocean_menu_link_color":"","ocean_menu_link_color_hover":"","ocean_menu_link_color_active":"","ocean_menu_link_background":"","ocean_menu_link_hover_background":"","ocean_menu_link_active_background":"","ocean_menu_social_links_bg":"","ocean_menu_social_hover_links_bg":"","ocean_menu_social_links_color":"","ocean_menu_social_hover_links_color":"","ocean_disable_title":"default","ocean_disable_heading":"default","ocean_post_title":"","ocean_post_subheading":"","ocean_post_title_style":"","ocean_post_title_background_color":"","ocean_post_title_background":0,"ocean_post_title_bg_image_position":"","ocean_post_title_bg_image_attachment":"","ocean_post_title_bg_image_repeat":"","ocean_post_title_bg_image_size":"","ocean_post_title_height":0,"ocean_post_title_bg_overlay":0.5,"ocean_post_title_bg_overlay_color":"","ocean_disable_breadcrumbs":"default","ocean_breadcrumbs_color":"","ocean_breadcrumbs_separator_color":"","ocean_breadcrumbs_links_color":"","ocean_breadcrumbs_links_hover_color":"","ocean_display_footer_widgets":"default","ocean_display_footer_bottom":"default","ocean_custom_footer_template":"0","footnotes":""},"class_list":["post-7","page","type-page","status-publish","hentry","entry"],"jetpack_sharing_enabled":true,"_links":{"self":[{"href":"https:\/\/neurochirurgie-kleve.de\/nck\/wp-json\/wp\/v2\/pages\/7","targetHints":{"allow":["GET"]}}],"collection":[{"href":"https:\/\/neurochirurgie-kleve.de\/nck\/wp-json\/wp\/v2\/pages"}],"about":[{"href":"https:\/\/neurochirurgie-kleve.de\/nck\/wp-json\/wp\/v2\/types\/page"}],"author":[{"embeddable":true,"href":"https:\/\/neurochirurgie-kleve.de\/nck\/wp-json\/wp\/v2\/users\/1"}],"replies":[{"embeddable":true,"href":"https:\/\/neurochirurgie-kleve.de\/nck\/wp-json\/wp\/v2\/comments?post=7"}],"version-history":[{"count":7,"href":"https:\/\/neurochirurgie-kleve.de\/nck\/wp-json\/wp\/v2\/pages\/7\/revisions"}],"predecessor-version":[{"id":872,"href":"https:\/\/neurochirurgie-kleve.de\/nck\/wp-json\/wp\/v2\/pages\/7\/revisions\/872"}],"wp:attachment":[{"href":"https:\/\/neurochirurgie-kleve.de\/nck\/wp-json\/wp\/v2\/media?parent=7"}],"curies":[{"name":"wp","href":"https:\/\/api.w.org\/{rel}","templated":true}]}}

<div data-elementor-type="wp-page" data-elementor-id="7" class="elementor elementor-7" data-elementor-settings="{&quot;ha_cmc_init_switcher&quot;:&quot;no&quot;}">
						<section class="has_eae_slider elementor-section elementor-top-section elementor-element elementor-element-32e42fb elementor-section-boxed elementor-section-height-default elementor-section-height-default" data-eae-slider="52607" data-id="32e42fb" data-element_type="section" data-e-type="section" data-settings="{&quot;_ha_eqh_enable&quot;:false}">
						<div class="elementor-container elementor-column-gap-default">
					<div class="has_eae_slider elementor-column elementor-col-100 elementor-top-column elementor-element elementor-element-2eadca9" data-eae-slider="28587" data-id="2eadca9" data-element_type="column" data-e-type="column">
			<div class="elementor-widget-wrap elementor-element-populated">
						<div class="elementor-element elementor-element-1239885 elementor-widget elementor-widget-text-editor" data-id="1239885" data-element_type="widget" data-e-type="widget" data-widget_type="text-editor.default">
				<div class="elementor-widget-container">
									<h1>Impressum</h1>

<h2>Angaben gemäß § 5 TMG</h2>
<p>Dr. med. Uli Bürgel<br />
Albersallee 5-7<br />
47533 Kleve</p>

<h2>Kontakt</h2>
<p>Telefon: 02821 9760956<br />
Telefax: 02821 9760967<br />
E-Mail: info@neurochirurgie-kleve.de</p>

<h2>Aufsichtsbehörde</h2>
<p>Kassenärztliche Vereinigung Nordrhein<br />
Tersteegenstraße 9<br />
40474 Düsseldorf</p>
<p><a href="https://www.kvno.de/" target="_blank" rel="noopener noreferrer">https://www.kvno.de/</a></p>

<h2>Berufsbezeichnung und berufsrechtliche Regelungen</h2>
<p>Berufsbezeichnung: Facharzt für Neurochirurgie<br />
Zuständige Kammer: Ärztekammer Nordrhein, Tersteegenstraße 9, 40474 Düsseldorf<br />
Verliehen in: Deutschland<br />
Es gelten folgende berufsrechtliche Regelungen: Berufsordnung der Ärztekammer Nordrhein, Heilberufsgesetz des Landes NRW<br />
 Regelungen einsehbar unter: <a href="https://www.aekno.de/page.asp?pageID=57" target="_blank" rel="noopener noreferrer">https://www.aekno.de/page.asp?pageID=57</a></p>

<h2>Angaben zur Berufshaftpflichtversicherung</h2>
<p><strong>Name und Sitz des Versicherers:</strong><br />
HDI Versicherung AG<br />
Kundenservice<br />
30650 Hanover</p>
<p><strong>Geltungsraum der Versicherung:</strong><br />Deutschland und EU</p>

<h2>EU-Streitschlichtung</h2>
<p>Die Europäische Kommission stellt eine Plattform zur Online-Streitbeilegung (OS) bereit: <a href="https://ec.europa.eu/consumers/odr" target="_blank" rel="noopener noreferrer">https://ec.europa.eu/consumers/odr</a>.<br /> Unsere E-Mail-Adresse finden Sie oben im Impressum.</p>

<h2>Verbraucher­streit­beilegung/Universal­schlichtungs­stelle</h2>
<p>Wir sind nicht bereit oder verpflichtet, an Streitbeilegungsverfahren vor einer Verbraucherschlichtungsstelle teilzunehmen.</p>

<h3>Haftung für Inhalte</h3> <p>Als Diensteanbieter sind wir gemäß § 7 Abs.1 TMG für eigene Inhalte auf diesen Seiten nach den allgemeinen Gesetzen verantwortlich. Nach §§ 8 bis 10 TMG sind wir als Diensteanbieter jedoch nicht verpflichtet, übermittelte oder gespeicherte fremde Informationen zu überwachen oder nach Umständen zu forschen, die auf eine rechtswidrige Tätigkeit hinweisen.</p> <p>Verpflichtungen zur Entfernung oder Sperrung der Nutzung von Informationen nach den allgemeinen Gesetzen bleiben hiervon unberührt. Eine diesbezügliche Haftung ist jedoch erst ab dem Zeitpunkt der Kenntnis einer konkreten Rechtsverletzung möglich. Bei Bekanntwerden von entsprechenden Rechtsverletzungen werden wir diese Inhalte umgehend entfernen.</p> <h3>Haftung für Links</h3> <p>Unser Angebot enthält Links zu externen Websites Dritter, auf deren Inhalte wir keinen Einfluss haben. Deshalb können wir für diese fremden Inhalte auch keine Gewähr übernehmen. Für die Inhalte der verlinkten Seiten ist stets der jeweilige Anbieter oder Betreiber der Seiten verantwortlich. Die verlinkten Seiten wurden zum Zeitpunkt der Verlinkung auf mögliche Rechtsverstöße überprüft. Rechtswidrige Inhalte waren zum Zeitpunkt der Verlinkung nicht erkennbar.</p> <p>Eine permanente inhaltliche Kontrolle der verlinkten Seiten ist jedoch ohne konkrete Anhaltspunkte einer Rechtsverletzung nicht zumutbar. Bei Bekanntwerden von Rechtsverletzungen werden wir derartige Links umgehend entfernen.</p> <h3>Urheberrecht</h3> <p>Die durch die Seitenbetreiber erstellten Inhalte und Werke auf diesen Seiten unterliegen dem deutschen Urheberrecht. Die Vervielfältigung, Bearbeitung, Verbreitung und jede Art der Verwertung außerhalb der Grenzen des Urheberrechtes bedürfen der schriftlichen Zustimmung des jeweiligen Autors bzw. Erstellers. Downloads und Kopien dieser Seite sind nur für den privaten, nicht kommerziellen Gebrauch gestattet.</p> <p>Soweit die Inhalte auf dieser Seite nicht vom Betreiber erstellt wurden, werden die Urheberrechte Dritter beachtet. Insbesondere werden Inhalte Dritter als solche gekennzeichnet. Sollten Sie trotzdem auf eine Urheberrechtsverletzung aufmerksam werden, bitten wir um einen entsprechenden Hinweis. Bei Bekanntwerden von Rechtsverletzungen werden wir derartige Inhalte umgehend entfernen.</p>

								</div>
				</div>
					</div>
		</div>
					</div>
		</section>
				</div>

<p>Impressum Angaben gemäß § 5 TMG Dr. med. Uli Bürgel Albersallee 5-7 47533 Kleve Kontakt Telefon: 02821 9760956 Telefax: 02821 9760967 E-Mail: info@neurochirurgie-kleve.de Aufsichtsbehörde Kassenärztliche Vereinigung Nordrhein Tersteegenstraße 9 40474 Düsseldorf https://www.kvno.de/ Berufsbezeichnung und berufsrechtliche Regelungen Berufsbezeichnung: Facharzt für Neurochirurgie Zuständige Kammer: Ärztekammer Nordrhein, Tersteegenstraße 9, 40474 Düsseldorf Verliehen in: Deutschland Es gelten folgende berufsrechtliche [&hellip;]</p>
